ose 0 = -4*t + c - 35. Calculate the remainder when 223 is divided by t.
15
Suppose -3*m - 33 = -2*d, -3*d - 4*m + 41 = -0*d. Suppose 4*y + 5*v - 192 = 0, 2*y - 138*v = -140*v + 100. What is the remainder when y is divided by d?
13
Let q = 252 + -159. Let h(o) = 820 - o - o - 788. What is the remainder when q is divided by h(0)?
29
Suppose -5*k - 3*a = 75, 4 + 4 = k - 4*a. Let o(p) = -p**3 + 5*p**2 - 3*p - 1. Let d be o(3). What is the remainder when 24 is divided by (-7)/(2 - 4 - k/d)?
10
Let t(m) = 9*m**2 + 12*m + 91. Calculate the remainder when t(-6) is divided by 27.
19
Let g = 15036 - 15020. What is the remainder when 35 is divided by g?
3
Let u = 46 - 44. Let a be 4 + 6/(-3) + 1. Suppose a*t + u*q = 575, 3*t - 6*q - 559 = -4*q. Calculate the remainder when t is divided by 48.
45
Suppose -9*u - 24489 = -24831. Let z(r) = -r - 2. Let d be z(-8). What is the remainder when u is divided by 4/(-2 + 15/d)?
6
What is the remainder when 362 is divided by (-5)/(60/(-18)) - (-348)/24?
10
Let d(r) be the second derivative of -r**5/10 - 59*r**4/12 - 85*r**3/6 + 166*r. What is the remainder when 135 is divided by d(-28)?
23
Let n be (10 - 9) + 2 + 5. Suppose 0 = n*o - 35*o + 1296. What is the remainder when o is divided by 11?
4
Suppose -4*s - 16 = -0*m - 2*m, -2*s = -8. Suppose g + m = 3*b + b, -4*g = 2*b - 8. Suppose -b*l = -9*l + 95. Calculate the remainder when l is divided by 11.
8
Calculate the remainder when 21/(-18) - (-24566)/12 - (5 + 1) is divided by 157.
156
Suppose -2*i - 3*l = 138 - 351, 501 = 5*i - 3*l. What is the remainder when 571 is divided by i?
61
Let t(b) = -18*b**2 + 187*b**3 + 45*b**2 + 4 - 6 - 24*b**2. Calculate the remainder when t(1) is divided by 24.
20
Let z(q) = -q**3 + 5*q**2 - 3*q - 1. Let k be z(4). Let p = 247 - 135. Suppose 4*c + k = -5, -2*g - 4*c + p = 0. Calculate the remainder when g is divided by 9.
6
Let v(s) = -s. Let c(f) = 16*f + 89. Let r(z) = -c(z) + 5*v(z). What is the remainder when 109 is divided by r(-6)?
35
Suppose -2*f = 2, -2*z + 179*f - 175*f = -68. What is the remainder when 145 is divided by z?
17
What is the remainder when (1720/120 + -16)*5/(-25)*237 is divided by (21/4 - 0)*4?
16
Let f(r) be the first derivative of 3*r**2/2 - 19*r + 53. Calculate the remainder when f(17) is divided by 21.
11
What is the remainder when (3 + 1 - 1/1)/((-8)/(-20152)) is divided by 14?
11
Let o(f) = 9*f + 173. Let t be o(-19). Calculate the remainder when 150 is divided by 224/(-336)*(-99)/t.
18
Suppose -115*h + 26866 = 8581. Calculate the remainder when h is divided by 55.
49
Let u(r) = -4*r**2 + 23. Let z be u(0). Suppose n + 4*k = -0*n + z, 4 = k. Suppose -8*v + n*v + 83 = 0. What is the remainder when v is divided by 31?
21
Let f = -34 - -64. Let g = f - 12. Suppose -2*i = -2*b + 92, -3*i = -4 - 11. What is the remainder when b is divided by g?
15
Let r be -12 + -13 + 23 - 5010/(-2). Suppose 33*i - 6869 = r. Calculate the remainder when i is divided by 57.
56
Let i(n) = -3*n**3 - 48*n**2 + 45*n - 88. Suppose -2*d - d = -159. Calculate the remainder when d is divided by i(-17).
11
Let w(h) = -h**2 + 15*h. Let v be w(13). Suppose 0 = -p + v - 12. Calculate the remainder when 640/p - 2*(-1)/7 is divided by 8.
6
Let g = 169 + -180. Let u = 70 + g. Calculate the remainder when u is divided by 21.
17
Let b(o) = 6*o + 5. Calculate the remainder when (-861 - -6)*(-32)/160 is divided by b(5).
31
Let j be 3/(-9)*(0 - 0/4). Suppose -4*c - 3*x + 62 = j, 43*x = 5*c + 41*x - 89. What is the remainder when 115 is divided by c?
13
Suppose 60*g + 3540 = -44*g + 119*g. What is the remainder when g is divided by 95?
46
Let u = 267 - 435. Calculate the remainder when 473 is divided by (-1)/(5 + 426/u*2).
11
Let k be (-595)/(-65) + (-8)/52. Suppose k*g - 125 = 127. Calculate the remainder when 184 is divided by g.
16
Let s(f) = 52*f - 575. Calculate the remainder when s(23) is divided by 154.
5
Calculate the remainder when 1468 is divided by (80/90)/(62/13113).
152
What is the remainder when 9554 is divided by ((-30969)/62)/(-37) - 22/(-4)?
16
Suppose 14*n = -12*n + 104. Suppose x - l = n*x - 248, -5*x + 2*l = -406. What is the remainder when x is divided by 30?
22
Let r = 13 + 16. Suppose 4*z + 34 = 3*n - 2*n, n = 3*z + r. Calculate the remainder when (-456)/(-18) + (-2)/6 is divided by n.
11
Let l(z) = 439*z**2 + 6*z + 1. Let q be l(-1). Suppose q = 16*p - 9*p. Calculate the remainder when p is divided by 26.
10
Let b(f) = -f**3 + 43*f**2 - 1. Let k(h) = 2*h**3 - 85*h**2 + 1. Let m(s) = -7*b(s) - 4*k(s). What is the remainder when 11 is divided by m(39)?
2
Suppose -5*i - 15*w + 20*w = -1380, 0 = i - 2*w - 271. What is the remainder when i is divided by 126?
29
Let k = -30 - -33. Suppose 5*p - 89 = -4*o + 12, -73 = -5*p + k*o. What is the remainder when 50 is divided by p?
16
Let o = 323 + -301. Suppose 0 = 32*s - o*s - 960. What is the remainder when s is divided by 57?
39
Calculate the remainder when 137 is divided by -7 - ((-6 - (-7 - -89)) + 8).
64
Suppose 349*q = z + 352*q - 1505, -4*z + 5932 = q. Calculate the remainder when z is divided by 301.
277
Let f = 178 - 170. Let i(k) = k**3 - 10*k**2 + 20*k - 5. Calculate the remainder when 103 is divided by i(f).
22
Let x(s) = -s**3 - s**2 + 23*s - 2. Let d be x(-6). Let g(n) = -8*n + 334. Calculate the remainder when g(d) is divided by 2.
0
Suppose 154*o + 42 = 156*o. Suppose -5*z + 83 = 2*j + o, 16 = -4*z. Suppose q - 2*q = -163. Calculate the remainder when q is divided by j.
40
Let u(m) = 659*m + m**3 - 326*m - 5 + 0*m**3 - 272*m - 23*m**2. What is the remainder when 46 is divided by u(20)?
1
Let m(g) = -2*g**2 - 9*g + 18. Let l be m(-6). Suppose l = -0*p + 3*p + 12, -5*y + p = -119. Calculate the remainder when y is divided by 3/6 + 54/4.
9
Suppose -12*n = -r - 13*n + 67, -n + 335 = 5*r. What is the remainder when -5 + (-4 + -110)*(-156)/24 is divided by r?
66
Let a = 1742 - 1610. Calculate the remainder when a is divided by (-1)/(2 + 405/(-201)).
65
Suppose 0 = a - 13. Let r = 7199 - 7144. Suppose -140 - r = -a*u. What is the remainder when 53 is divided by u?
8
Suppose -49*k + 7*k = 48*k - 1440. What is the remainder when 3672 is divided by k?
8
Suppose 0 = y + 4*a - 111, -2*a = 12*y - 14*y + 172. Calculate the remainder when y is divided by 4.
3
Suppose 0 = -33*r + 124 + 568 - 65. Calculate the remainder when 187 is divided by r.
16
Let s = 20 + -6. Suppose -5*t + 159 = s. Calculate the remainder when t is divided by (-2)/(-4)*(9 + -1).
1
Suppose 6 = 3*u, 2*m - m + 5*u - 491 = 0. Suppose 5*j + m = q, j = 4*q - 402 - 1522. What is the remainder when q is divided by 22?
19
Suppose 0 = 2*d - 0*d - 42. Let b = -60 + 60. What is the remainder when (2/4)/((-2)/(-328)) + b is divided by d?
19
Suppose -29*n - 6579 = -3*g - 26*n, g = 2*n + 2196. What is the remainder when g is divided by 220?
210
Suppose w = 3*v + 106 + 182, 572 = 2*w - 7*v. What is the remainder when w is divided by 69?
24
Suppose 0 = 3*x - 5*k - 159, 3*x = -2*k + 58 + 80. Calculate the remainder when 287 is divided by x.
47
Let x = -1983 + 2040. Calculate the remainder when x is divided by 14.
1
Suppose -330 = -q - 309. What is the remainder when 45 is divided by (-57)/(-6) + (q/(-14))/1?
5
Calculate the remainder when 2567 is divided by (-596)/(-16) - (-261)/(-116).
12
Let f(x) = -7*x**3 - 41*x**2 - 33*x - 215. Let s(i) = -2*i**3 + i. Let h(o) = -f(o) + 4*s(o). Calculate the remainder when h(42) is divided by 1 + -3 + 6/2.
0
Suppose 2*c = h + 11663, 0 = -5*c + 20*h - 18*h + 29154. Calculate the remainder when c is divided by 2905.
18
Suppose 4*q + 3*m - 246 = 0, q = -10*m + 5*m + 36. Calculate the remainder when (6 + -1)/(10/500) is divided by q.
52
Let u(p) = 2*p**2 - 7*p + 5. Let f be u(4). Let k(a) = 2*a**2 + 29*a + 105. Let i be k(-6). What is the remainder when (-42)/f*i/(-2) is divided by 4?
3
Let m be (36/20 - 5)*5. Let y(b) = -3*b - 29. Suppose 5*t - 169 = 3*a + 174, -t + 5*a = -73. What is the remainder when t is divided by y(m)?
11
Let g(k) = -7*k - 49. Let c be g(-7). Suppose 5*s + 5*v + 7 = 97, c = -s + v + 14. What is the remainder when 317 is divided by s?
13
Let g(n) = -6*n + 215. Let z be g(36). Calculate the remainder when 263 is divided by (-19 - z)/(6/(-4)).
11
Suppose -4*g - 20 = 0, 4